{"id":41,"date":"2015-04-15T14:52:45","date_gmt":"2015-04-15T12:52:45","guid":{"rendered":"https:\/\/schloss-cafe-freiberg.de\/inhalt\/?page_id=41"},"modified":"2023-01-23T09:34:50","modified_gmt":"2023-01-23T08:34:50","slug":"biergarten","status":"publish","type":"page","link":"https:\/\/schloss-cafe-freiberg.de\/inhalt\/biergarten\/","title":{"rendered":"Biergarten"},"content":{"rendered":"<p>In den Sommermonaten von Mai bis Oktober haben wir f\u00fcr Sie au\u00dferdem unseren Biergarten ge\u00f6ffnet. Dort k\u00f6nnen Sie bei sch\u00f6nem Wetter im Schlosshof, oder auch ganz neu auf dem Schlossplatz eine spezielle Auswahl an Speisen und Getr\u00e4nken genie\u00dfen.<\/p>\n<h3 style=\"text-align: center;\">\u00d6ffnungszeiten vom 01.05. &#8211; 31.10.2023:<\/h3>\n<p style=\"text-align: center;\">Donnerstag 11:30 Uhr bis 19:00 Uhr<br \/>\nFreitag &amp; Samstag 11:30 Uhr bis 20:00 Uhr<br \/>\nSonntag 11:30 Uhr bis 18:00 Uhr<\/p>\nngg_shortcode_0_placeholder\n","protected":false},"excerpt":{"rendered":"<p>In den Sommermonaten von Mai bis Oktober haben wir f\u00fcr Sie au\u00dferdem unseren Biergarten ge\u00f6ffnet. Dort k\u00f6nnen Sie bei sch\u00f6nem Wetter im Schlosshof, oder auch ganz neu auf dem Schlossplatz eine spezielle Auswahl an Speisen und Getr\u00e4nken genie\u00dfen. \u00d6ffnungszeiten vom 01.05. &#8211; 31.10.2023: Donnerstag 11:30 Uhr bis 19:00 Uhr Freitag &amp; Samstag 11:30 Uhr bis [&hellip;]<\/p>\n","protected":false},"author":1,"featured_media":206,"parent":0,"menu_order":0,"comment_status":"closed","ping_status":"closed","template":"","meta":{"ngg_post_thumbnail":0,"footnotes":""},"class_list":["post-41","page","type-page","status-publish","has-post-thumbnail","hentry"],"_links":{"self":[{"href":"https:\/\/schloss-cafe-freiberg.de\/inhalt\/wp-json\/wp\/v2\/pages\/41","targetHints":{"allow":["GET"]}}],"collection":[{"href":"https:\/\/schloss-cafe-freiberg.de\/inhalt\/wp-json\/wp\/v2\/pages"}],"about":[{"href":"https:\/\/schloss-cafe-freiberg.de\/inhalt\/wp-json\/wp\/v2\/types\/page"}],"author":[{"embeddable":true,"href":"https:\/\/schloss-cafe-freiberg.de\/inhalt\/wp-json\/wp\/v2\/users\/1"}],"replies":[{"embeddable":true,"href":"https:\/\/schloss-cafe-freiberg.de\/inhalt\/wp-json\/wp\/v2\/comments?post=41"}],"version-history":[{"count":23,"href":"https:\/\/schloss-cafe-freiberg.de\/inhalt\/wp-json\/wp\/v2\/pages\/41\/revisions"}],"predecessor-version":[{"id":1121,"href":"https:\/\/schloss-cafe-freiberg.de\/inhalt\/wp-json\/wp\/v2\/pages\/41\/revisions\/1121"}],"wp:featuredmedia":[{"embeddable":true,"href":"https:\/\/schloss-cafe-freiberg.de\/inhalt\/wp-json\/wp\/v2\/media\/206"}],"wp:attachment":[{"href":"https:\/\/schloss-cafe-freiberg.de\/inhalt\/wp-json\/wp\/v2\/media?parent=41"}],"curies":[{"name":"wp","href":"https:\/\/api.w.org\/{rel}","templated":true}]}}

<p>In den Sommermonaten von Mai bis Oktober haben wir für Sie außerdem unseren Biergarten geöffnet. Dort können Sie bei schönem Wetter im Schlosshof, oder auch ganz neu auf dem Schlossplatz eine spezielle Auswahl an Speisen und Getränken genießen.</p>
<h3 style="text-align: center;">Öffnungszeiten vom 01.05. &#8211; 31.10.2023:</h3>
<p style="text-align: center;">Donnerstag 11:30 Uhr bis 19:00 Uhr<br />
Freitag &amp; Samstag 11:30 Uhr bis 20:00 Uhr<br />
Sonntag 11:30 Uhr bis 18:00 Uhr</p>
ngg_shortcode_0_placeholder

<p>In den Sommermonaten von Mai bis Oktober haben wir für Sie außerdem unseren Biergarten geöffnet. Dort können Sie bei schönem Wetter im Schlosshof, oder auch ganz neu auf dem Schlossplatz eine spezielle Auswahl an Speisen und Getränken genießen. Öffnungszeiten vom 01.05. &#8211; 31.10.2023: Donnerstag 11:30 Uhr bis 19:00 Uhr Freitag &amp; Samstag 11:30 Uhr bis [&hellip;]</p>
