{"id":27,"date":"2015-04-15T14:50:07","date_gmt":"2015-04-15T12:50:07","guid":{"rendered":"https:\/\/schloss-cafe-freiberg.de\/inhalt\/?page_id=27"},"modified":"2020-10-29T11:01:24","modified_gmt":"2020-10-29T10:01:24","slug":"cafe","status":"publish","type":"page","link":"https:\/\/schloss-cafe-freiberg.de\/inhalt\/cafe\/","title":{"rendered":"Caf\u00e9"},"content":{"rendered":"<p>In diesem Teil unseres Lokals haben bis zu 30 Leute Platz, auch Reisegruppen sind herzlich willkommen. Zus\u00e4tzlich besteht das Caf\u00e9 aus zwei abtrennbaren R\u00e4umen, so dass kleinere Gesellschaften auch privat bleiben k\u00f6nnen.<\/p>\n<p>M\u00f6chten Sie lieber au\u00dfer Haus feiern, dann fragen Sie nach unserem Catering-Service.<\/p>\nngg_shortcode_0_placeholder\n<p>&nbsp;<\/p>\n","protected":false},"excerpt":{"rendered":"<p>In diesem Teil unseres Lokals haben bis zu 30 Leute Platz, auch Reisegruppen sind herzlich willkommen. Zus\u00e4tzlich besteht das Caf\u00e9 aus zwei abtrennbaren R\u00e4umen, so dass kleinere Gesellschaften auch privat bleiben k\u00f6nnen. M\u00f6chten Sie lieber au\u00dfer Haus feiern, dann fragen Sie nach unserem Catering-Service. &nbsp; &nbsp;<\/p>\n","protected":false},"author":1,"featured_media":196,"parent":0,"menu_order":0,"comment_status":"closed","ping_status":"closed","template":"","meta":{"ngg_post_thumbnail":0,"footnotes":""},"class_list":["post-27","page","type-page","status-publish","has-post-thumbnail","hentry"],"_links":{"self":[{"href":"https:\/\/schloss-cafe-freiberg.de\/inhalt\/wp-json\/wp\/v2\/pages\/27","targetHints":{"allow":["GET"]}}],"collection":[{"href":"https:\/\/schloss-cafe-freiberg.de\/inhalt\/wp-json\/wp\/v2\/pages"}],"about":[{"href":"https:\/\/schloss-cafe-freiberg.de\/inhalt\/wp-json\/wp\/v2\/types\/page"}],"author":[{"embeddable":true,"href":"https:\/\/schloss-cafe-freiberg.de\/inhalt\/wp-json\/wp\/v2\/users\/1"}],"replies":[{"embeddable":true,"href":"https:\/\/schloss-cafe-freiberg.de\/inhalt\/wp-json\/wp\/v2\/comments?post=27"}],"version-history":[{"count":11,"href":"https:\/\/schloss-cafe-freiberg.de\/inhalt\/wp-json\/wp\/v2\/pages\/27\/revisions"}],"predecessor-version":[{"id":604,"href":"https:\/\/schloss-cafe-freiberg.de\/inhalt\/wp-json\/wp\/v2\/pages\/27\/revisions\/604"}],"wp:featuredmedia":[{"embeddable":true,"href":"https:\/\/schloss-cafe-freiberg.de\/inhalt\/wp-json\/wp\/v2\/media\/196"}],"wp:attachment":[{"href":"https:\/\/schloss-cafe-freiberg.de\/inhalt\/wp-json\/wp\/v2\/media?parent=27"}],"curies":[{"name":"wp","href":"https:\/\/api.w.org\/{rel}","templated":true}]}}