{"id":25,"date":"2015-04-15T14:49:31","date_gmt":"2015-04-15T12:49:31","guid":{"rendered":"https:\/\/schloss-cafe-freiberg.de\/inhalt\/?page_id=25"},"modified":"2020-03-04T08:37:15","modified_gmt":"2020-03-04T07:37:15","slug":"schloss-freudenstein","status":"publish","type":"page","link":"https:\/\/schloss-cafe-freiberg.de\/inhalt\/schloss-freudenstein\/","title":{"rendered":"Schloss Freudenstein"},"content":{"rendered":"<p><img loading=\"lazy\" decoding=\"async\" class=\" wp-image-270 alignright\" src=\"https:\/\/schloss-cafe-freiberg.de\/inhalt\/wp-content\/uploads\/Schlossplatz.jpg\" alt=\"Schlossplatz\" width=\"600\" height=\"400\" srcset=\"https:\/\/schloss-cafe-freiberg.de\/inhalt\/wp-content\/uploads\/Schlossplatz.jpg 1000w, https:\/\/schloss-cafe-freiberg.de\/inhalt\/wp-content\/uploads\/Schlossplatz-300x200.jpg 300w\" sizes=\"auto, (max-width: 600px) 100vw, 600px\" \/>Das Schloss Freudenstein blickt auf eine lange und faszinierende Historie zur\u00fcck. Es geh\u00f6rt mit zu den wichtigsten Sehensw\u00fcrdigkeiten in Freiberg.<\/p>\n<p>1168 lie\u00df \u201eOtto der Reiche\u201c die Burg zum Schutz des Silberbaus, der in dieser Zeit Freiberg zum wirtschaftlichen und kulturellen Aufschwung verhalf, errichten. Dabei ist das heutige Schloss das Ergebnis zahlreicher Umbauten und Erweiterungen, die alle aus besonderen historischen Hintergr\u00fcnden heraus vorgenommen wurden. Heute ist das Schloss nicht nur eines der historisch wichtigsten Geb\u00e4ude, sondern auch Veranstaltungs- und Ausstellungsort, sowie&nbsp;Herberge des Bergarchivs.<br \/>\nMehr zur Geschichte des Schlosses unter:<\/p>\n<p>&nbsp;<\/p>\n<p style=\"text-align: left;\"><a href=\"https:\/\/www.schloss-freudenstein.net\/\">&nbsp;&nbsp;&nbsp;&nbsp;&nbsp;&nbsp; &nbsp;&nbsp; SCHLOSS-FREUDENSTEIN.NET<img loading=\"lazy\" decoding=\"async\" class=\"wp-image-733 size-medium alignleft\" src=\"https:\/\/schloss-cafe-freiberg.de\/inhalt\/wp-content\/uploads\/schloss-freudenstein-logo-300x143.gif\" alt=\"\" width=\"300\" height=\"143\"><\/a><\/p>\n<p>&nbsp;<\/p>\n<p>&nbsp;<\/p>\n<p>&nbsp;<\/p>\n<p>&nbsp;<\/p>\n<p>&nbsp;<\/p>\n<p>2008 erhielt&nbsp;das Schloss Freudenstein au\u00dferdem eine wichtige internationale Bedeutung, denn es beherbergt die Mineraliensammlung&nbsp;\u201eTerra Mineralia\u201c. Die 3.500 Mineralien sind eine Dauerleihgabe von Dr. Erika P\u00f6hl an die TU Bergakademie Freiberg. F\u00fcr die somit weltweit gr\u00f6\u00dfte Mineralienausstellung lohnt sich ein Besuch ins Schloss definitiv! F\u00fcr mehr Informationen, sowie \u00d6ffnungszeiten sehen Sie auf der Internetseite der \u201eTerra Mineralia\u201c nach:<\/p>\n<p>&nbsp;<\/p>\n<p>&nbsp; &nbsp; &nbsp; &nbsp;&nbsp; &nbsp;&nbsp; &nbsp;&nbsp; &nbsp;&nbsp; &nbsp;&nbsp; &nbsp;&nbsp; <a href=\"https:\/\/www.terra-mineralia.de\/\" target=\"_blank\" rel=\"noopener noreferrer\">terra mineralia<img loading=\"lazy\" decoding=\"async\" class=\"alignnone size-medium wp-image-735\" src=\"https:\/\/schloss-cafe-freiberg.de\/inhalt\/wp-content\/uploads\/logo-terra-mineralia-300x99.jpg\" alt=\"\" width=\"300\" height=\"99\" srcset=\"https:\/\/schloss-cafe-freiberg.de\/inhalt\/wp-content\/uploads\/logo-terra-mineralia-300x99.jpg 300w, https:\/\/schloss-cafe-freiberg.de\/inhalt\/wp-content\/uploads\/logo-terra-mineralia-768x253.jpg 768w, https:\/\/schloss-cafe-freiberg.de\/inhalt\/wp-content\/uploads\/logo-terra-mineralia.jpg 800w\" sizes=\"auto, (max-width: 300px) 100vw, 300px\" \/><\/a><\/p>\n<p>&nbsp;<\/p>\n<p>Des Weiteren&nbsp;ist das \u201eS\u00e4chsisches Staatsarchiv-Bergarchiv Freiberg\u201c im Schloss Freudenstein untergebracht, in dem historisches Literaturgut \u00fcber den s\u00e4chsischen Bergbau zu finden ist. Das Bergarchiv ist ein wichtiges und weltweit einmaliges Zentrum der Montanhistorie.<br \/>\nWeitere Informationen zum Bergarchiv Freiberg finden Sie auch auf der offiziellen Internetseite:<\/p>\n<p>&nbsp;<\/p>\n<p><a href=\"https:\/\/www.archiv.sachsen.de\/bergarchiv-freiberg-4055.html\" target=\"_blank\" rel=\"noopener noreferrer\">&nbsp;&nbsp;&nbsp;&nbsp;&nbsp;&nbsp;&nbsp;&nbsp;&nbsp;&nbsp;&nbsp;&nbsp;&nbsp;&nbsp;&nbsp;&nbsp;&nbsp;&nbsp;&nbsp; Bergachiv Freiberg<img loading=\"lazy\" decoding=\"async\" class=\"alignnone size-medium wp-image-736\" src=\"https:\/\/schloss-cafe-freiberg.de\/inhalt\/wp-content\/uploads\/logo-Bergarchiv-Freiberg-fe5738cd-300x53.jpg\" alt=\"\" width=\"300\" height=\"53\" srcset=\"https:\/\/schloss-cafe-freiberg.de\/inhalt\/wp-content\/uploads\/logo-Bergarchiv-Freiberg-fe5738cd-300x53.jpg 300w, https:\/\/schloss-cafe-freiberg.de\/inhalt\/wp-content\/uploads\/logo-Bergarchiv-Freiberg-fe5738cd.jpg 568w\" sizes=\"auto, (max-width: 300px) 100vw, 300px\" \/><\/a><\/p>\n<p>&nbsp;<\/p>\n<p>Schlussendlich ist das Schloss nicht nur ein perfektes Touristenziel, sondern auch f\u00fcr \u201eEinheimische\u201c attraktiv, denn es ist Ort f\u00fcr Veranstaltungen jeglicher Art. Im Sommer ziehen die Freiberger Sommern\u00e4chte die Besucher ins Schloss, und im Winter ist die Eisbahn im Schlosshof ein besonderes Highlight.<br \/>\nGenaueres dazu finden Sie unter<\/p>\n<p>&nbsp;<\/p>\n<div class=\"one_half\">\n<p style=\"text-align: center;\"><a href=\"https:\/\/www.freiberger-sommernaechte.de\/\" target=\"_blank\" rel=\"noopener noreferrer\">Freiberger Sommern\u00e4chte<\/a><a href=\"https:\/\/schloss-cafe-freiberg.de\/inhalt\/wp-content\/uploads\/logo_freiberger_sommernaechte-1.png\"><img loading=\"lazy\" decoding=\"async\" class=\"aligncenter wp-image-720 size-full\" src=\"https:\/\/schloss-cafe-freiberg.de\/inhalt\/wp-content\/uploads\/logo_freiberger_sommernaechte-1.png\" alt=\"\" width=\"300\" height=\"289\"><\/a><\/p>\n<\/div>\n<div class=\"one_half last\">\n<p style=\"text-align: center;\"><a href=\"https:\/\/www.eisbahn-freiberg.de\" target=\"_blank\" rel=\"noopener noreferrer\">Eisbahn im Schloss<img loading=\"lazy\" decoding=\"async\" class=\"size-medium wp-image-717 aligncenter\" src=\"https:\/\/schloss-cafe-freiberg.de\/inhalt\/wp-content\/uploads\/Eisbahnlogo-300x289.png\" alt=\"\" width=\"300\" height=\"289\" srcset=\"https:\/\/schloss-cafe-freiberg.de\/inhalt\/wp-content\/uploads\/Eisbahnlogo-300x289.png 300w, https:\/\/schloss-cafe-freiberg.de\/inhalt\/wp-content\/uploads\/Eisbahnlogo-1024x987.png 1024w, https:\/\/schloss-cafe-freiberg.de\/inhalt\/wp-content\/uploads\/Eisbahnlogo-768x740.png 768w, https:\/\/schloss-cafe-freiberg.de\/inhalt\/wp-content\/uploads\/Eisbahnlogo.png 1519w\" sizes=\"auto, (max-width: 300px) 100vw, 300px\" \/><\/a><\/p>\n<\/div><div class=\"clearboth\"><\/div>\n<p>&nbsp;<\/p>\n","protected":false},"excerpt":{"rendered":"<p>Das Schloss Freudenstein blickt auf eine lange und faszinierende Historie zur\u00fcck. Es geh\u00f6rt mit zu den wichtigsten Sehensw\u00fcrdigkeiten in Freiberg. 1168 lie\u00df \u201eOtto der Reiche\u201c die Burg zum Schutz des Silberbaus, der in dieser Zeit Freiberg zum wirtschaftlichen und kulturellen Aufschwung verhalf, errichten. Dabei ist das heutige Schloss das Ergebnis zahlreicher Umbauten und Erweiterungen, die [&hellip;]<\/p>\n","protected":false},"author":1,"featured_media":0,"parent":0,"menu_order":0,"comment_status":"closed","ping_status":"closed","template":"","meta":{"ngg_post_thumbnail":0,"footnotes":""},"class_list":["post-25","page","type-page","status-publish","hentry"],"_links":{"self":[{"href":"https:\/\/schloss-cafe-freiberg.de\/inhalt\/wp-json\/wp\/v2\/pages\/25","targetHints":{"allow":["GET"]}}],"collection":[{"href":"https:\/\/schloss-cafe-freiberg.de\/inhalt\/wp-json\/wp\/v2\/pages"}],"about":[{"href":"https:\/\/schloss-cafe-freiberg.de\/inhalt\/wp-json\/wp\/v2\/types\/page"}],"author":[{"embeddable":true,"href":"https:\/\/schloss-cafe-freiberg.de\/inhalt\/wp-json\/wp\/v2\/users\/1"}],"replies":[{"embeddable":true,"href":"https:\/\/schloss-cafe-freiberg.de\/inhalt\/wp-json\/wp\/v2\/comments?post=25"}],"version-history":[{"count":18,"href":"https:\/\/schloss-cafe-freiberg.de\/inhalt\/wp-json\/wp\/v2\/pages\/25\/revisions"}],"predecessor-version":[{"id":737,"href":"https:\/\/schloss-cafe-freiberg.de\/inhalt\/wp-json\/wp\/v2\/pages\/25\/revisions\/737"}],"wp:attachment":[{"href":"https:\/\/schloss-cafe-freiberg.de\/inhalt\/wp-json\/wp\/v2\/media?parent=25"}],"curies":[{"name":"wp","href":"https:\/\/api.w.org\/{rel}","templated":true}]}}

<p><img loading="lazy" decoding="async" class=" wp-image-270 alignright" src="https://schloss-cafe-freiberg.de/inhalt/wp-content/uploads/Schlossplatz.jpg" alt="Schlossplatz" width="600" height="400" srcset="https://schloss-cafe-freiberg.de/inhalt/wp-content/uploads/Schlossplatz.jpg 1000w, https://schloss-cafe-freiberg.de/inhalt/wp-content/uploads/Schlossplatz-300x200.jpg 300w" sizes="auto, (max-width: 600px) 100vw, 600px" />Das Schloss Freudenstein blickt auf eine lange und faszinierende Historie zurück. Es gehört mit zu den wichtigsten Sehenswürdigkeiten in Freiberg.</p>
<p>1168 ließ „Otto der Reiche“ die Burg zum Schutz des Silberbaus, der in dieser Zeit Freiberg zum wirtschaftlichen und kulturellen Aufschwung verhalf, errichten. Dabei ist das heutige Schloss das Ergebnis zahlreicher Umbauten und Erweiterungen, die alle aus besonderen historischen Hintergründen heraus vorgenommen wurden. Heute ist das Schloss nicht nur eines der historisch wichtigsten Gebäude, sondern auch Veranstaltungs- und Ausstellungsort, sowie&nbsp;Herberge des Bergarchivs.<br />
Mehr zur Geschichte des Schlosses unter:</p>
<p>&nbsp;</p>
<p style="text-align: left;"><a href="https://www.schloss-freudenstein.net/">&nbsp;&nbsp;&nbsp;&nbsp;&nbsp;&nbsp; &nbsp;&nbsp; SCHLOSS-FREUDENSTEIN.NET<img loading="lazy" decoding="async" class="wp-image-733 size-medium alignleft" src="https://schloss-cafe-freiberg.de/inhalt/wp-content/uploads/schloss-freudenstein-logo-300x143.gif" alt="" width="300" height="143"></a></p>
<p>&nbsp;</p>
<p>&nbsp;</p>
<p>&nbsp;</p>
<p>&nbsp;</p>
<p>&nbsp;</p>
<p>2008 erhielt&nbsp;das Schloss Freudenstein außerdem eine wichtige internationale Bedeutung, denn es beherbergt die Mineraliensammlung&nbsp;„Terra Mineralia“. Die 3.500 Mineralien sind eine Dauerleihgabe von Dr. Erika Pöhl an die TU Bergakademie Freiberg. Für die somit weltweit größte Mineralienausstellung lohnt sich ein Besuch ins Schloss definitiv! Für mehr Informationen, sowie Öffnungszeiten sehen Sie auf der Internetseite der „Terra Mineralia“ nach:</p>
<p>&nbsp;</p>
<p>&nbsp; &nbsp; &nbsp; &nbsp;&nbsp; &nbsp;&nbsp; &nbsp;&nbsp; &nbsp;&nbsp; &nbsp;&nbsp; &nbsp;&nbsp; <a href="https://www.terra-mineralia.de/" target="_blank" rel="noopener noreferrer">terra mineralia<img loading="lazy" decoding="async" class="alignnone size-medium wp-image-735" src="https://schloss-cafe-freiberg.de/inhalt/wp-content/uploads/logo-terra-mineralia-300x99.jpg" alt="" width="300" height="99" srcset="https://schloss-cafe-freiberg.de/inhalt/wp-content/uploads/logo-terra-mineralia-300x99.jpg 300w, https://schloss-cafe-freiberg.de/inhalt/wp-content/uploads/logo-terra-mineralia-768x253.jpg 768w, https://schloss-cafe-freiberg.de/inhalt/wp-content/uploads/logo-terra-mineralia.jpg 800w" sizes="auto, (max-width: 300px) 100vw, 300px" /></a></p>
<p>&nbsp;</p>
<p>Des Weiteren&nbsp;ist das „Sächsisches Staatsarchiv-Bergarchiv Freiberg“ im Schloss Freudenstein untergebracht, in dem historisches Literaturgut über den sächsischen Bergbau zu finden ist. Das Bergarchiv ist ein wichtiges und weltweit einmaliges Zentrum der Montanhistorie.<br />
Weitere Informationen zum Bergarchiv Freiberg finden Sie auch auf der offiziellen Internetseite:</p>
<p>&nbsp;</p>
<p><a href="https://www.archiv.sachsen.de/bergarchiv-freiberg-4055.html" target="_blank" rel="noopener noreferrer">&nbsp;&nbsp;&nbsp;&nbsp;&nbsp;&nbsp;&nbsp;&nbsp;&nbsp;&nbsp;&nbsp;&nbsp;&nbsp;&nbsp;&nbsp;&nbsp;&nbsp;&nbsp;&nbsp; Bergachiv Freiberg<img loading="lazy" decoding="async" class="alignnone size-medium wp-image-736" src="https://schloss-cafe-freiberg.de/inhalt/wp-content/uploads/logo-Bergarchiv-Freiberg-fe5738cd-300x53.jpg" alt="" width="300" height="53" srcset="https://schloss-cafe-freiberg.de/inhalt/wp-content/uploads/logo-Bergarchiv-Freiberg-fe5738cd-300x53.jpg 300w, https://schloss-cafe-freiberg.de/inhalt/wp-content/uploads/logo-Bergarchiv-Freiberg-fe5738cd.jpg 568w" sizes="auto, (max-width: 300px) 100vw, 300px" /></a></p>
<p>&nbsp;</p>
<p>Schlussendlich ist das Schloss nicht nur ein perfektes Touristenziel, sondern auch für „Einheimische“ attraktiv, denn es ist Ort für Veranstaltungen jeglicher Art. Im Sommer ziehen die Freiberger Sommernächte die Besucher ins Schloss, und im Winter ist die Eisbahn im Schlosshof ein besonderes Highlight.<br />
Genaueres dazu finden Sie unter</p>
<p>&nbsp;</p>
<div class="one_half">
<p style="text-align: center;"><a href="https://www.freiberger-sommernaechte.de/" target="_blank" rel="noopener noreferrer">Freiberger Sommernächte</a><a href="https://schloss-cafe-freiberg.de/inhalt/wp-content/uploads/logo_freiberger_sommernaechte-1.png"><img loading="lazy" decoding="async" class="aligncenter wp-image-720 size-full" src="https://schloss-cafe-freiberg.de/inhalt/wp-content/uploads/logo_freiberger_sommernaechte-1.png" alt="" width="300" height="289"></a></p>
</div>
<div class="one_half last">
<p style="text-align: center;"><a href="https://www.eisbahn-freiberg.de" target="_blank" rel="noopener noreferrer">Eisbahn im Schloss<img loading="lazy" decoding="async" class="size-medium wp-image-717 aligncenter" src="https://schloss-cafe-freiberg.de/inhalt/wp-content/uploads/Eisbahnlogo-300x289.png" alt="" width="300" height="289" srcset="https://schloss-cafe-freiberg.de/inhalt/wp-content/uploads/Eisbahnlogo-300x289.png 300w, https://schloss-cafe-freiberg.de/inhalt/wp-content/uploads/Eisbahnlogo-1024x987.png 1024w, https://schloss-cafe-freiberg.de/inhalt/wp-content/uploads/Eisbahnlogo-768x740.png 768w, https://schloss-cafe-freiberg.de/inhalt/wp-content/uploads/Eisbahnlogo.png 1519w" sizes="auto, (max-width: 300px) 100vw, 300px" /></a></p>
</div><div class="clearboth"></div>
<p>&nbsp;</p>

<p>Das Schloss Freudenstein blickt auf eine lange und faszinierende Historie zurück. Es gehört mit zu den wichtigsten Sehenswürdigkeiten in Freiberg. 1168 ließ „Otto der Reiche“ die Burg zum Schutz des Silberbaus, der in dieser Zeit Freiberg zum wirtschaftlichen und kulturellen Aufschwung verhalf, errichten. Dabei ist das heutige Schloss das Ergebnis zahlreicher Umbauten und Erweiterungen, die [&hellip;]</p>
