{"id":155,"date":"2015-08-03T15:03:27","date_gmt":"2015-08-03T13:03:27","guid":{"rendered":"https:\/\/schloss-cafe-freiberg.de\/inhalt\/?page_id=155"},"modified":"2019-10-23T14:50:44","modified_gmt":"2019-10-23T12:50:44","slug":"kaminzimmer","status":"publish","type":"page","link":"https:\/\/schloss-cafe-freiberg.de\/inhalt\/kaminzimmer\/","title":{"rendered":"Kaminzimmer"},"content":{"rendered":"<p>Das Kaminzimmer garantiert Ihnen durch seine einmalige Atmosph\u00e4re unvergessliche Momente.<\/p>\n<ul>\n<li>Platz f\u00fcr bis zu 20 Personen<\/li>\n<li>Geeignet f\u00fcr kleine Kaffeegesellschaften, gem\u00fctliche Kaminabende und Empf\u00e4nge<\/li>\n<li>Ausgestattet mit einem Ethanolkamin<\/li>\n<\/ul>\nngg_shortcode_0_placeholder\n","protected":false},"excerpt":{"rendered":"<p>Das Kaminzimmer garantiert Ihnen durch seine einmalige Atmosph\u00e4re unvergessliche Momente. Platz f\u00fcr bis zu 20 Personen Geeignet f\u00fcr kleine Kaffeegesellschaften, gem\u00fctliche Kaminabende und Empf\u00e4nge Ausgestattet mit einem Ethanolkamin<\/p>\n","protected":false},"author":1,"featured_media":219,"parent":0,"menu_order":0,"comment_status":"closed","ping_status":"closed","template":"","meta":{"ngg_post_thumbnail":0,"footnotes":""},"class_list":["post-155","page","type-page","status-publish","has-post-thumbnail","hentry"],"_links":{"self":[{"href":"https:\/\/schloss-cafe-freiberg.de\/inhalt\/wp-json\/wp\/v2\/pages\/155","targetHints":{"allow":["GET"]}}],"collection":[{"href":"https:\/\/schloss-cafe-freiberg.de\/inhalt\/wp-json\/wp\/v2\/pages"}],"about":[{"href":"https:\/\/schloss-cafe-freiberg.de\/inhalt\/wp-json\/wp\/v2\/types\/page"}],"author":[{"embeddable":true,"href":"https:\/\/schloss-cafe-freiberg.de\/inhalt\/wp-json\/wp\/v2\/users\/1"}],"replies":[{"embeddable":true,"href":"https:\/\/schloss-cafe-freiberg.de\/inhalt\/wp-json\/wp\/v2\/comments?post=155"}],"version-history":[{"count":6,"href":"https:\/\/schloss-cafe-freiberg.de\/inhalt\/wp-json\/wp\/v2\/pages\/155\/revisions"}],"predecessor-version":[{"id":605,"href":"https:\/\/schloss-cafe-freiberg.de\/inhalt\/wp-json\/wp\/v2\/pages\/155\/revisions\/605"}],"wp:featuredmedia":[{"embeddable":true,"href":"https:\/\/schloss-cafe-freiberg.de\/inhalt\/wp-json\/wp\/v2\/media\/219"}],"wp:attachment":[{"href":"https:\/\/schloss-cafe-freiberg.de\/inhalt\/wp-json\/wp\/v2\/media?parent=155"}],"curies":[{"name":"wp","href":"https:\/\/api.w.org\/{rel}","templated":true}]}}